3.
4
Calculate 5 + -1 + -13 + 9.
0
What is the value of -1 + (7 - 3) - 3 - 3?
-3
What is the value of 4 + -4 + -2 - -2?
0
What is (-4 - (-1 - 2)) + 1 + 3?
3
Calculate (1 - -1) + 6 - (46 + -43).
5
Evaluate (3 - -1 - 4) + 0 - 3.
-3
Evaluate (-7 - 3) + -9 + 10.
-9
What is (14 + -7 - -4) + -7?
4
Evaluate -1 - (0 - 0) - (-47 - -50).
-4
Evaluate (10 - 2) + (-14 - 0).
-6
What is the value of -2 - -9 - (3 + 10 + 1)?
-7
Evaluate 1 - 1 - (-3 + 9 - 8).
2
Evaluate -8 + (8 - 4) + -1.
-5
Evaluate -3 + -2 + -2 + 15 + -15.
-7
What is -2 + 9 - (78 + -74)?
3
-5 + 2 - (-6 - -4)
-1
Calculate 14 - 13 - (2 - 1 - 4).
4
What is the value of 2 + -1 - (0 + -2 - -1)?
2
-3 + -1 + -6 + 7
-3
What is (2 - (3 + -2)) + -4 - -1?
-2
What is -3 - (4 - (8 + 1))?
2
Evaluate 2 - (-3 - (-3 + 0)).
2
Evaluate 6 + (1 + (4 - 2) - 4).
5
Evaluate -7 + (3 + -2 - -6).
0
-1 + (4 - 4) + 4
3
Evaluate (-1 - -1 - (-4 + 0)) + -3.
1
(-4 + 6 - 4) + 6
4
What is 1 + (1 - 3 - -4)?
3
Calculate -2 + (7 - (3 + -3 + 2)).
3
What is 6 - (4 + -1 + 1)?
2
What is the value of -1 + -2 + 6 + 0 - 3?
0
What is 3 - (12 + -11 + 1 + -4)?
5
Calculate 3 + -1 + 1 + -7.
-4
Evaluate -11 - ((-4 - 9) + 0).
2
What is 4 + 12 + -8 + -7?
1
What is (36 - 34) + (-2 + 3 - 4)?
-1
Calculate -4 - (-2 - (2 + 2)).
2
What is 96 - 93 - (0 - -11)?
-8
What is the value of -3 - ((-1 - -2) + -5)?
1
What is -1 + 8 + (8 - (-11 - -22))?
4
(5 - 7) + 11 - 5
4
What is the value of 0 + 1 + -2 + -2 + 5?
2
What is the value of 22 - (17 + (-8 - -6))?
7
What is the value of 2 - 3 - (3 + 0)?
-4
12 + -3 - 13 - -14
10
What is the value of 5 - (7 + -1 + -3)?
2
What is (2 - 2 - -6) + -11 + 3?
-2
What is (6 - 1) + (1 - 1) + -2?
3
Evaluate -15 + (1 - -13) - (3 - 1).
-3
Evaluate 0 + (1 - 7 - (-2 - -2)).
-6
3 + 0 + -3 + 2 + -1
1
What is the value of 0 + (-3 + 2 - -2)?
1
Evaluate 4 + (6 - (-3 + 6)) + -4.
3
What is 4 - (-5 - -4 - -1)?
4
What is the value of 0 + 0 + 3 + -2 - 3?
-2
Calculate -12 + 5 - (1 + -10 + 5).
-3
Calculate 2 + -1 + 7 + (82 - 90).
0
Evaluate -2 + -4 + 8 + -4 - 2.
-4
Evaluate 37 + -30 + (-1 - -1) + -1.
6
Evaluate -12 + 7 - ((-2 - -2) + 1).
-6
What is (10 - (-10 + 21)) + 1 + -4?
-4
What is the value of 14 - -3 - (0 - -10)?
7
4 - ((6 - 2) + -2 + -1)
3
What is the value of -2 + -4 + 2 + 4?
0
What is the value of 0 - (-1 + 6 + -2 - 1)?
-2
What is -39 - -39 - (6 - 0)?
-6
What is 2 + 5 + -3 + 0?
4
What is the value of -2 - (2 - (21 + -10))?
7
What is the value of 7 - (20 + (2 - 11) + 1)?
-5
What is 10 + -6 + (-14 - -2)?
-8
Evaluate -1 + 4 - (0 + 4 - 6).
5
What is -4 + 7 + 4 - 0?
7
Evaluate 7 - (-5 - (6 - 11)).
7
What is the value of 3 - -9 - (3 + 3)?
6
What is the value of 6 - 4 - (-5 + 3 - -9)?
-5
What is 2 + -6 + 20 + -11?
5
What is the value of -7 + (-6 - -6 - -4)?
-3
What is 0 + (0 - (5 - (-1 + 5)))?
-1
Calculate -8 + 24 + -5 + -5.
6
Evaluate 76 + -77 + 0 + 0.
-1
Calculate -4 + (1 - 2) + 1 + 2.
-2
What is 4 - (1 + 10 + (-5 - -1))?
-3
What is the value of -2 - 3 - (-19 + 14)?
0
What is -1 + 1 + -3 + -5 - -3?
-5
Evaluate 5 + (-9 - -1) + -12 + 7.
-8
Calculate 2 + (-15 - -7) - -8.
2
Calculate 11 + (-6 - -4) + -8 - 5.
-4
Calculate -24 - -25 - (-1 - -1 - -5).
-4
What is 4 + -1 - (1 + -2)?
4
Calculate (-8 - (5 - (1 + 5))) + 6.
-1
(121 - 119) + (0 - -6)
8
What is the value of 0 + 3 - (0 - 0)?
3
What is the value of 16 + -22 - (1 - 2)?
-5
0 - -6 - (-10 - (-8 + -6))
2
Calculate 3 - (1 + -3 + (-2 - -5)).
2
(1 - (1 - 1)) + 4
5
Calculate (-1 - 0 - -2) + (3 - 8).
-4
What is -7 + 9 - 0 - -4?
6
Evaluate -3 + 4 + -3 + 3.
1
(0 - 10) + -5 + -8 + 15
-8
3 + -6 - (-2 + -1)
0
Calculate 6 - (0 + 2 - -2).
2
0 + 1 - (4 - 6)
3
What is 1 - (15 - 10 - 11)?
7
(3 - 1) + (-3 - 2) - -2
-1
(0 - 0) + -39 + 39
0
What is the value of (7 - -2) + -3 + (-4 - 0)?
2
What is 7 + (-8 - (-12 + 9))?
2
What is -2 + 0 - (7 + 14 + -16)?
-7
(3 - -1) + -6 - -3
1
What is the value of (2 - 3 - -5) + (-1 - 1)?
2
What is (-5 - (1 - 0 - 0)) + -5?
-11
Calculate -12 - -15 - ((1 - 0) + -7).
9
What is -2 + 0 + -4 - -6?
0
Evaluate 22 + -23 + 1 + (1 - -1).
2
5 - (2 - -4) - -5
4
What is 1 + 0 + 2 + (-7 - -1)?
-3
0 + -2 + -3 - (0 - 2)
-3
What is the value of 11 + -14 - (-2 + -6)?
5
What is the value of -1 - -10 - (-12 + 15 + 2)?
4
Evaluate -1 - (-6 + (1 - -5)).
-1
1 + (2 - 0) + 0 + -5
-2
-4 + (-3 - (-1 - 5))
-1
What is 4 + 4 + (-5 + 5 - 8)?
0
What is (11 - 2) + -10 - (1 + 1)?
-3
What is the value of 0 + -1 + -1 - -3?
1
What is the value of -4 - (-9 + 0) - (0 + 9)?
-4
Calculate 3 + (3 - 8) + 1.
-1
Calculate (0 - -6) + -38 + 38.
6
What is the value of -12 + 8 + (5 - 0)?
1
What is (-8 + 9 - (1 - 1)) + -3?
-2
What is the value of 2 - 2 - (-4 - -9)?
-5
Calculate -7 + 1 - -3 - -9.
6
Calculate (8 + -2 - 10) + 6 + 0.
2
What is 4 - ((-2 - -2) + 0)?
4
Calculate 0 + -1 + 0 + -5.
-6
Evaluate -1 + -8 + (-1 - -9).
-1
Calculate 0 + -3 + (7 - 3) + 4.
5
-5 - (-3 + 12 + -5)
-9
What is -6 + -4 + 0 + 7?
-3
Evaluate (10 - 4) + -4 + -7.
-5
Calculate -6 + -3 + -1 + -2 + 7.
-5
0 + (6 + -8 - -4)
2
-12 + 11 + -4 + 9
4
What is the value of (0 - -1) + (15 - 14)?
2
(1 - (-4 - -1)) + -8
-4
(-194 - -195) + 0 + 0 + 1
2
Calculate (-3 + -2 - 0) + 1.
-4
1 + -4 + -47 + 51
1
Calculate -3 + -2 + 5 - 0 - 4.
-4
Evaluate (5 - (6 - 5)) + -3.
1
Calculate -4 + (2 + -2 - 0) - -6.
2
What is the value of -5 + 20 + -12 - 6?
-3
(0 - 3) + -6 + 6 + 3
0
What is the value of -6 + 1 + 9 - 9?
-5
Calculate 5 + 1 - 16 - -8.
-2
-7 - (-15 - 0 - (3 - 10))
1
Calculate 7 - ((2 - 10) + 17).
-2
Evaluate -3 + (-8 + 7 - -8).
4
What is the value of (-2 - (-5 - 6)) + -9?
0
What is the value of -2 + 2 - (-7 - 0 - -2)?
5
-3 - (2 + -3) - (0 + 4)
-6
Calculate -46 - -48 - (-2 + 12).
-8
What is the value of -9 - (1 + -4 - 1)?
-5
What is the value of (-1 - 6) + (18 - (14 - -3))?
-6
Calculate -4 - (6 + -5 + -3).
-2
What is 4 + -1 - (7 + -5 + 4)?
-3
What is -2 + 5 + (0 - (7 - 4))?
0
8 + -4 + -6 + 5
3
What is (-2 + -4 - (0 + -3)) + 2?
-1
What is the value of 1 - -3 - (10 - (1 - -7))?
2
Evaluate -1 - 3 - (-4 - -1) - -5.
4
(0 - 1) + 2 - -1
2
What is the value of 4 - (4 - (-1 - 5))?
-6
What is the value of (-3 - (-6 + -1)) + (-2 - -2)?
4
Calculate -4 + -3 + (0 - -4).
-3
2 - 2 - -6 - 3 - 2
1
Calculate 3 + (-1 - (4 + -7)) + -6.
-1
Calculate -3 + (-3 - (2 + 0 + -6)).
-2
Evaluate (6 - 7) + -2 - 0.
-3
What is the value of -7 + 10 + -1 + (-6 - -12)?
8
Evaluate 5 - (5 + (-8 - -7 - -2)).
-1
Calculate 2 - (-1 + -2 + (5 - 1)).
1
What is the value of (-2 - -6) + 3 + -12?
-5
Evaluate 16 - (2 + 2) - 9.
3
6 + -6 + (-7 - (1 - 3))
-5
What is -6 + -3 + 5 + 2?
-2
Evaluate (2 - 1) + -3 + 4 + 1.
3
(-3 - (2 + -2) - -3) + -3
-3
What is the value of 3 + -7 + 2 + 2?
0
What is -1 + (4 - -1) - 1?
3
Calculate -25 + 30 + 0 + 0 + -3.
2
-1 + 2 + -3 + 59 + -63
-6
Evaluate (2 - 1) + (1 + -6 - -1).
-3
Evaluate (-2 - (-6 + -3 + 3)) + 2.
6
What is the value of 5 - (-1 + 0 + 27 + -20)?
-1
-1 + -1 + 6 + -5
-1
Calculate -1 - (-9 + 13 - (2 - -3)).
0
What is the value of 2 + -6 - ((-3 - -6) + -8)?
1
Evaluate 14 + -9 + (2 - 10).
-3
(-7 - (5 - 15) - -4) + -2
5
What is the value of -3 + (6 + -4 - 3)?
-4
Evaluate (6 - (-6 + 7)) + 0.
5
(5 + -2 - -6) + -6
3
Calculate -1 + 1 + 7 + -3.
4
1 + (-1 + -2 - (0 - -4))
-6
Calculate -2 + 6 + -2 + -1 + 4.
5
-7 + 9 + -2 - -6
6
2 - (-1 - 0) - (-30 - -32)
1
Calculate 4 + (-4 - -1) + 0.
1
Evaluate 3 + (18 - (13 - 8)) - 7.
9
-4 - ((3 - 3) + -3)
-1
-2 - -5 - 3 - 5
-5
What is 1 + -7 + 8 + (0 - 0)?
2
Evaluate (2 - 2) + -2 + (-4 - -5).
-1
Calculate 2 - 10 - (-4 + 0).
-4
4 - (-3 - (5 - 4)) - 4
4
What is -6 - -9 - (-1 + 5)?
-1
What is the value of 6 - (0 - -5) - (3 + -2)?
0
Evaluate 26 - 29 - (1 + -3).
-1
What is the value of 0 + (4 - (2 + 0))?
2
What is -14 + -16 + 12 - -11?
-7
-8 - (13 + -9 + -1 + -5)
-6
What is the value of -20 + 10 - (0 - 8) - 2?
-4
Calculate (-6 - -3) + 5 + 0.
2
2 + (4 - 5) + -2 + 3
2
Calculate -5 - (1 + (-1 - 3)) - -7.
5
What is 3 + (-7 - -4) + (0 - -4)?
4
Evaluate -6 + 4 + (-5 - -6).
-1
Calculate 13 + -5 + -3 + -15.
-10
-5 - -1 - (3 - -1)
-8
What is the value of -9 - (-2 + (6 - 17) + 8)?
-4
Evaluate -1 + -1 + (11 - 8).
1
Calculate 2 + -8 + 2 + 4.
0
Evaluate -6 + 1 - (4 - (5 - -7)).
3
What is the value of (5 - 3 - -4) + -5 + -8?
-7
Evaluate 9 + -6 + 0 + 3.
6
What is -7 + 9 + -2 + (0 - 1)?
-1
-37 + 40 + (-1 - 0) + -1
1
What is -3 + (-3 - -2) - (-44 - -42)?
-2
What is -14 - -14 -